of d?
3
Let l(o) = 2*o**2 - 2*o - 7. Suppose -4*w = -2*t + 5*t - 11, -w + 14 = -3*t. What are the prime factors of l(w)?
3, 11
Let d = -6 - 7. Let u = d + 25. What are the prime factors of u?
2, 3
Let u(q) = q**2 - 7*q + 1. Let s be u(5). Let f = 25 + s. What are the prime factors of f?
2
Let v(u) be the third derivative of -u**6/120 + u**5/30 + u**4/8 - u**3/6 + u**2. Let o be v(-3). Suppose o = 4*b + 11. List the prime factors of b.
2, 3
Let p be 2/(2/3) - 1. Suppose 46 = 4*d - p*a, a - 48 = -2*d - 3*a. Suppose 4*t - d = 22. List the prime factors of t.
3
Let l(y) = 5*y**2 + 14*y - 42. List the prime factors of l(7).
7, 43
Let b = 5 + -3. Suppose -b*s + 2*a + 31 = a, -2*a = 5*s - 73. What are the prime factors of s?
3, 5
Let k(d) = -d + 4. Let n be k(3). Let r be -2 - 9*(-2 - -1). List the prime factors of r/1 - (n + 0).
2, 3
Suppose 62 = -5*x + 12. Let u = x - -18. Let q = -4 + u. What are the prime factors of q?
2
Let l be (18/(-2 + 4))/(-1). Let q = -3 - l. List the prime factors of (-150)/(-14) + q/21.
11
Let a = -5 - -4. Let r be a/(-4) + 69/12. Suppose y - k - r = 0, k - 27 = -4*y + 2. What are the prime factors of y?
7
Let g be (4/(-10))/(1/(-20)). Let k(m) = -2*m. Let r be k(-6). Let v = r - g. What are the prime factors of v?
2
Let l(b) = 1 - b**2 + 1 + 3*b + 1. Let r be l(3). Suppose 4*n - 2*z = 20 + 34, -5*n + r*z + 65 = 0. What are the prime factors of n?
2
Let p = 0 - -13. Let w = -8 + p. What are the prime factors of w?
5
Suppose 7*z = 2*z + 10. Suppose 0 = -4*c - l + 7, 3*c + z*l + 0*l - 4 = 0. List the prime factors of c.
2
Let x = 6 - -30. List the prime factors of x.
2, 3
Let n be -11 - (-6)/(2/1). What are the prime factors of (-12)/n*(-28)/(-3)?
2, 7
Let y = 25 - -24. List the prime factors of y.
7
Let y(v) = v**2 - 2 - 2 - 4*v + 3*v**2 + v**2. What are the prime factors of y(-2)?
2, 3
Let z = 24 - -7. Let d = -19 + z. Suppose -3*g - t + 19 = 0, -g + 2*t + d + 6 = 0. List the prime factors of g.
2
Let i(d) = d**3 + d**2 - 3*d - 2. Let c be i(-2). Suppose 2*n + 6 - 38 = c. List the prime factors of n.
2
Let c = -41 + 235. What are the prime factors of c?
2, 97
Let y(g) = g**3 + 7*g**2 + 4*g - 8. Let x(a) = -2*a + 0*a + 0*a. Let v be x(3). What are the prime factors of y(v)?
2
Let l(r) = 2*r**3 - 2*r**2 - 3*r - 2. Let z be l(3). Let f = -49 + 86. Let q = f - z. What are the prime factors of q?
2, 3
Suppose -6*z + 22 + 56 = 0. Let c = z - 4. What are the prime factors of c?
3
Let s be (-914)/(-26) - (-4)/(-26). Let k = 57 - s. List the prime factors of k.
2, 11
List the prime factors of (-2)/(-2)*(-7 + 17).
2, 5
Let m(n) = 9*n + 9 + n + 4*n**2 - 3*n**2. What are the prime factors of m(-11)?
2, 5
Suppose 5 = s + 6, 5*v + 3*s = 22. Suppose -2 = 2*z + m + 4*m, v*z = -4*m - 5. What are the prime factors of 16 + -3 - (0 - z)?
2, 3
Suppose -2*q = -2*d - d + 8, 0 = -5*q + 25. Let h be (18/15)/(d/40). Suppose c = 5*k + 6*c - 50, 4*c = 2*k - h. What are the prime factors of k?
2
Let q = -19 + 93. Let w = q - 28. Let c = w + -32. What are the prime factors of c?
2, 7
Let t(p) = -7*p**2 + 1. Let g be t(-1). What are the prime factors of 3 - (-2)/(g/(-93))?
2, 17
Let d be 2/6 + 40/24. Suppose 5*f + 2*u - 22 = -0*u, -5*u = -2*f + 3. Suppose 12 = 3*l + f*b, 3*b - d*b = 0. What are the prime factors of l?
2
Let g(j) = j + 4*j - 4*j + 3*j - 2. List the prime factors of g(3).
2, 5
Let w = -11 + 19. Suppose 0 = -13*h + 10*h + 126. List the prime factors of (h/w)/((-6)/(-16)).
2, 7
Let c be -1 + (-2)/((-6)/(-111)). Let h be 6/15 + c/(-5). Suppose -2*t = 2*a - 5*t + h, -4*t = 5*a - 26. What are the prime factors of a?
2
Let c = -7 + 35. List the prime factors of c.
2, 7
Let v be 5/2*6/5. Suppose 0 = -2*i - 10, -3*h + 2*i = 3*i - 10. Let g = h - v. List the prime factors of g.
2
Let j = -6 + 11. Suppose o + 3*p = 40, 4*p + 218 = j*o + p. Let a = -31 + o. List the prime factors of a.
2, 3
Let q = -2 + 3. Suppose -q = -o - 5. Let g = o - -16. List the prime factors of g.
2, 3
Let w(r) = r**2 - 7*r + 2. Let d be w(8). Let p = d - 6. Suppose -4*f + 8*f + p*x = 16, -2*x = 6. What are the prime factors of f?
7
Let x = -12 - -40. What are the prime factors of x?
2, 7
Suppose -5 = 3*f - 56. Suppose -o + f = o - r, -5*o - 5*r = -5. What are the prime factors of 40/15 - 4/o?
2
Let s be 1/(-4) + 1/4. Suppose -3*b + s*q = q - 22, 0 = 4*b - 4*q - 8. Let j = 18 - b. What are the prime factors of j?
2, 3
Suppose -6*r + 9 = -3*r. Suppose 0 = -4*d - x + 90, -r*x + 15 + 2 = d. List the prime factors of d.
23
Let y(s) = 7*s**3 + s**2 - s + 1. Let q be y(1). Let i = 30 + -38. List the prime factors of 12/i*q/(-3).
2
Let g(w) = -3*w. Let f(u) = -u - 7. Let n be -3 + 1/((-3)/6). Let p be f(n). What are the prime factors of g(p)?
2, 3
Let u(y) = -3*y**2 - 1. Let t be u(-3). Let z be ((-72)/t)/(6/28). Suppose -2*j = -z - 6. What are the prime factors of j?
3
Let d be (-4)/((-4)/(-1)) + 1. Let a = d + 10. What are the prime factors of a?
2, 5
Let u = -12 + 17. Let x = -1 + u. Let q = x - -3. What are the prime factors of q?
7
Let k(t) = -t**2 - 3*t + 10. Let m be k(-7). Let l = 28 + m. What are the prime factors of l?
2, 5
Let c(j) = -3*j**2 + 1 + 4 - 8*j - 2 + 2*j**2. What are the prime factors of c(-4)?
19
Let v = 1 + 6. Suppose k = 4*c + 50, 3*k - c + 115 = v*k. List the prime factors of (-1)/(-4) - k/(-8).
2
Let f = -42 + 30. List the prime factors of (f + -1)*(-2 + 1).
13
Let a(g) = 9*g - 1. Let n(j) = 5*j. Let b(s) = -3*a(s) + 5*n(s). Let l be b(2). What are the prime factors of (5 + -13)/(l + -1)?
2
Suppose 3*q = 5*v - 70, 3*v - 5*q = -v + 56. Suppose 0 = -2*r - 13 + 13. Suppose r = -4*d + 2*m + 33 + 27, -m - v = -d. What are the prime factors of d?
2
Let f = 0 + 1. Let y(o) = 3*o**2 - o. Let k be y(f). Suppose k*t - 12 = 8. List the prime factors of t.
2, 5
Let w(a) = -3*a. Let f = 2 + 4. Suppose -3*x - f = -x. List the prime factors of w(x).
3
Suppose 0 = -8*i + 11*i - 66. What are the prime factors of i?
2, 11
Let v be ((-9)/6)/(3/16). What are the prime factors of 12/v*(-8)/3?
2
Let l = -14 - -8. List the prime factors of ((-8)/l)/(4/6).
2
Let w(m) = 4*m + 5. Let v(g) be the second derivative of 5*g**3/6 + 5*g**2/2 - 4*g. Let b(d) = 5*v(d) - 6*w(d). List the prime factors of b(9).
2
Let m = 262 + -139. What are the prime factors of m?
3, 41
Let l be 0 + 2 + 2*-1. Let o = 5 - 2. Suppose 18 = -l*c + o*c. List the prime factors of c.
2, 3
List the prime factors of 11/(330/5868) - 4/(-10).
2, 7
Let y = 9 + -6. Suppose 0 = -3*i - 0*w - y*w - 66, i + 3*w + 32 = 0. Let a = 32 + i. What are the prime factors of a?
3, 5
Let h = -3 - 3. Let t = 20 - h. What are the prime factors of t?
2, 13
Let b(a) = -16*a - 2. What are the prime factors of b(-1)?
2, 7
Let k = -20 - -24. Suppose -k*m - z + 95 = 0, -m = 5*z - 24 + 5. List the prime factors of m.
2, 3
Suppose -454 = -5*w - 2*q, -57 = -w + 2*q + 41. List the prime factors of w.
2, 23
Let a = 1 + -1. Let d = 5 + a. What are the prime factors of d?
5
Suppose 4*u - 559 = 3*c, -2*u + 4*c + 107 = -185. List the prime factors of u.
2, 17
Suppose 4*z + 10 = -2. Let w(h) = h. Let t be w(z). What are the prime factors of -3*(5/t + -1)?
2
Suppose -4*c + 11 + 9 = -4*t, c = -5*t - 1. What are the prime factors of 26 + (6 - 3 - t)?
2, 3, 5
Let m = 10 - 6. Suppose -4*p - 52 = -4*w, 4*w + m*p + 8 = 84. What are the prime factors of w?
2
Let a be 84/22 - (-2)/11. Suppose 40 + 8 = a*b. What are the prime factors of b?
2, 3
Let p(r) be the first derivative of -r**4/4 + 11*r**3/3 - 7*r**2/2 - 4*r - 4. What are the prime factors of p(10)?
2, 13
Let k = -10 - -4. List the prime factors of (28/(-3))/(2/k).
2, 7
Let g be (-9)/(-2)*4/3. Let a = 7 - 5. Suppose a*i - 6 = g. What are the prime factors of i?
2, 3
Let r = -78 - -119. Let g = 8 + r. Suppose 0 = v - 4*v - 2*x + 18, 5*v = 3*x + g. What are the prime factors of v?
2
Let f be -2*(2 + -1 + -2). What are the prime factors of (3/3)/(f/4)?
2
Let u be (-2)/(-9) + 4/(-18). Suppose u*k + 2*n - 4 = -2*k, k + 4*n - 2 = 0. Suppose -k*l = -23 - 1. List the prime factors of l.
2, 3
Let l be (-236)/(-9) + 10/(-45). Let s(x) = 6*x. Let a be s(3). Let k = l - a. What are the prime factors of k?
2
Let s = -2 + 4. Let o = s - -2. Suppose 3*n = -2*x + 1, n - 3*n - 10 = o*x. List the prime factors of 